{"id":222,"date":"2019-07-03T13:41:36","date_gmt":"2019-07-03T11:41:36","guid":{"rendered":"https:\/\/metamorfica.dynu.com\/?post_type=portfolio&#038;p=222"},"modified":"2019-07-27T21:40:46","modified_gmt":"2019-07-27T19:40:46","slug":"talleres-2","status":"publish","type":"portfolio","link":"https:\/\/metamorfica.info\/index.php\/portfolio\/talleres-2\/","title":{"rendered":"TALLERES"},"content":{"rendered":"<p><img loading=\"lazy\" decoding=\"async\" class=\"alignnone size-medium wp-image-211\" src=\"https:\/\/metamorfica.dynu.com\/wp-content\/uploads\/2019\/07\/Photo_1556300696182-1-225x300.png\" alt=\"\" width=\"225\" height=\"300\"><\/p>\n","protected":false},"excerpt":{"rendered":"","protected":false},"featured_media":0,"comment_status":"open","ping_status":"closed","template":"","portfolio_cat":[],"portfolio_skill":[],"class_list":["post-222","portfolio","type-portfolio","status-publish","hentry"],"yoast_head":"<!-- This site is optimized with the Yoast SEO plugin v23.9 - https:\/\/yoast.com\/wordpress\/plugins\/seo\/ -->\n<title>TALLERES - Metam\u00f3rfica<\/title>\n<meta name=\"robots\" content=\"index, follow, max-snippet:-1, max-image-preview:large, max-video-preview:-1\" \/>\n<link rel=\"canonical\" href=\"https:\/\/metamorfica.info\/?p=222\" \/>\n<meta property=\"og:locale\" content=\"es_ES\" \/>\n<meta property=\"og:type\" content=\"article\" \/>\n<meta property=\"og:title\" content=\"TALLERES - Metam\u00f3rfica\" \/>\n<meta property=\"og:url\" content=\"https:\/\/metamorfica.info\/?p=222\" \/>\n<meta property=\"og:site_name\" content=\"Metam\u00f3rfica\" \/>\n<meta property=\"article:modified_time\" content=\"2019-07-27T19:40:46+00:00\" \/>\n<meta property=\"og:image\" content=\"https:\/\/metamorfica.dynu.com\/wp-content\/uploads\/2019\/07\/Photo_1556300696182-1-225x300.png\" \/>\n<meta name=\"twitter:card\" content=\"summary_large_image\" \/>\n<meta name=\"twitter:site\" content=\"@Carolinametamorfica\" \/>\n<script type=\"application\/ld+json\" class=\"yoast-schema-graph\">{\"@context\":\"https:\/\/schema.org\",\"@graph\":[{\"@type\":\"WebPage\",\"@id\":\"https:\/\/metamorfica.info\/?p=222\",\"url\":\"https:\/\/metamorfica.info\/?p=222\",\"name\":\"TALLERES - Metam\u00f3rfica\",\"isPartOf\":{\"@id\":\"https:\/\/metamorfica.info\/#website\"},\"primaryImageOfPage\":{\"@id\":\"https:\/\/metamorfica.info\/?p=222#primaryimage\"},\"image\":{\"@id\":\"https:\/\/metamorfica.info\/?p=222#primaryimage\"},\"thumbnailUrl\":\"https:\/\/metamorfica.dynu.com\/wp-content\/uploads\/2019\/07\/Photo_1556300696182-1-225x300.png\",\"datePublished\":\"2019-07-03T11:41:36+00:00\",\"dateModified\":\"2019-07-27T19:40:46+00:00\",\"breadcrumb\":{\"@id\":\"https:\/\/metamorfica.info\/?p=222#breadcrumb\"},\"inLanguage\":\"es\",\"potentialAction\":[{\"@type\":\"ReadAction\",\"target\":[\"https:\/\/metamorfica.info\/?p=222\"]}]},{\"@type\":\"ImageObject\",\"inLanguage\":\"es\",\"@id\":\"https:\/\/metamorfica.info\/?p=222#primaryimage\",\"url\":\"https:\/\/metamorfica.dynu.com\/wp-content\/uploads\/2019\/07\/Photo_1556300696182-1-225x300.png\",\"contentUrl\":\"https:\/\/metamorfica.dynu.com\/wp-content\/uploads\/2019\/07\/Photo_1556300696182-1-225x300.png\"},{\"@type\":\"BreadcrumbList\",\"@id\":\"https:\/\/metamorfica.info\/?p=222#breadcrumb\",\"itemListElement\":[{\"@type\":\"ListItem\",\"position\":1,\"name\":\"Portada\",\"item\":\"https:\/\/metamorfica.info\/\"},{\"@type\":\"ListItem\",\"position\":2,\"name\":\"Portfolios\",\"item\":\"https:\/\/metamorfica.info\/index.php\/portfolio\/\"},{\"@type\":\"ListItem\",\"position\":3,\"name\":\"TALLERES\"}]},{\"@type\":\"WebSite\",\"@id\":\"https:\/\/metamorfica.info\/#website\",\"url\":\"https:\/\/metamorfica.info\/\",\"name\":\"Metam\u00f3rfica\",\"description\":\"\u00bfSabremos adaptarnos a los cambios de nuestro planeta?\",\"publisher\":{\"@id\":\"https:\/\/metamorfica.info\/#\/schema\/person\/80b1d759d3d5c01d4073b6a361fde0d4\"},\"potentialAction\":[{\"@type\":\"SearchAction\",\"target\":{\"@type\":\"EntryPoint\",\"urlTemplate\":\"https:\/\/metamorfica.info\/?s={search_term_string}\"},\"query-input\":{\"@type\":\"PropertyValueSpecification\",\"valueRequired\":true,\"valueName\":\"search_term_string\"}}],\"inLanguage\":\"es\"},{\"@type\":[\"Person\",\"Organization\"],\"@id\":\"https:\/\/metamorfica.info\/#\/schema\/person\/80b1d759d3d5c01d4073b6a361fde0d4\",\"name\":\"Carolina\",\"image\":{\"@type\":\"ImageObject\",\"inLanguage\":\"es\",\"@id\":\"https:\/\/metamorfica.info\/#\/schema\/person\/image\/\",\"url\":\"https:\/\/metamorfica.info\/wp-content\/uploads\/2021\/03\/MetamoI\u0081rfica-Home.png\",\"contentUrl\":\"https:\/\/metamorfica.info\/wp-content\/uploads\/2021\/03\/MetamoI\u0081rfica-Home.png\",\"width\":1064,\"height\":454,\"caption\":\"Carolina\"},\"logo\":{\"@id\":\"https:\/\/metamorfica.info\/#\/schema\/person\/image\/\"},\"description\":\"Educadora ambiental que descubri\u00f3 que ning\u00fan cambio es perdurable si no se inicia desde la coherencia entre pensamiento-palabra-emoci\u00f3n-accion.\",\"sameAs\":[\"http:\/\/www.metamorfica.info\",\"https:\/\/x.com\/Carolinametamorfica\"]}]}<\/script>\n<!-- \/ Yoast SEO plugin. -->","yoast_head_json":{"title":"TALLERES - Metam\u00f3rfica","robots":{"index":"index","follow":"follow","max-snippet":"max-snippet:-1","max-image-preview":"max-image-preview:large","max-video-preview":"max-video-preview:-1"},"canonical":"https:\/\/metamorfica.info\/?p=222","og_locale":"es_ES","og_type":"article","og_title":"TALLERES - Metam\u00f3rfica","og_url":"https:\/\/metamorfica.info\/?p=222","og_site_name":"Metam\u00f3rfica","article_modified_time":"2019-07-27T19:40:46+00:00","og_image":[{"url":"https:\/\/metamorfica.dynu.com\/wp-content\/uploads\/2019\/07\/Photo_1556300696182-1-225x300.png"}],"twitter_card":"summary_large_image","twitter_site":"@Carolinametamorfica","schema":{"@context":"https:\/\/schema.org","@graph":[{"@type":"WebPage","@id":"https:\/\/metamorfica.info\/?p=222","url":"https:\/\/metamorfica.info\/?p=222","name":"TALLERES - Metam\u00f3rfica","isPartOf":{"@id":"https:\/\/metamorfica.info\/#website"},"primaryImageOfPage":{"@id":"https:\/\/metamorfica.info\/?p=222#primaryimage"},"image":{"@id":"https:\/\/metamorfica.info\/?p=222#primaryimage"},"thumbnailUrl":"https:\/\/metamorfica.dynu.com\/wp-content\/uploads\/2019\/07\/Photo_1556300696182-1-225x300.png","datePublished":"2019-07-03T11:41:36+00:00","dateModified":"2019-07-27T19:40:46+00:00","breadcrumb":{"@id":"https:\/\/metamorfica.info\/?p=222#breadcrumb"},"inLanguage":"es","potentialAction":[{"@type":"ReadAction","target":["https:\/\/metamorfica.info\/?p=222"]}]},{"@type":"ImageObject","inLanguage":"es","@id":"https:\/\/metamorfica.info\/?p=222#primaryimage","url":"https:\/\/metamorfica.dynu.com\/wp-content\/uploads\/2019\/07\/Photo_1556300696182-1-225x300.png","contentUrl":"https:\/\/metamorfica.dynu.com\/wp-content\/uploads\/2019\/07\/Photo_1556300696182-1-225x300.png"},{"@type":"BreadcrumbList","@id":"https:\/\/metamorfica.info\/?p=222#breadcrumb","itemListElement":[{"@type":"ListItem","position":1,"name":"Portada","item":"https:\/\/metamorfica.info\/"},{"@type":"ListItem","position":2,"name":"Portfolios","item":"https:\/\/metamorfica.info\/index.php\/portfolio\/"},{"@type":"ListItem","position":3,"name":"TALLERES"}]},{"@type":"WebSite","@id":"https:\/\/metamorfica.info\/#website","url":"https:\/\/metamorfica.info\/","name":"Metam\u00f3rfica","description":"\u00bfSabremos adaptarnos a los cambios de nuestro planeta?","publisher":{"@id":"https:\/\/metamorfica.info\/#\/schema\/person\/80b1d759d3d5c01d4073b6a361fde0d4"},"potentialAction":[{"@type":"SearchAction","target":{"@type":"EntryPoint","urlTemplate":"https:\/\/metamorfica.info\/?s={search_term_string}"},"query-input":{"@type":"PropertyValueSpecification","valueRequired":true,"valueName":"search_term_string"}}],"inLanguage":"es"},{"@type":["Person","Organization"],"@id":"https:\/\/metamorfica.info\/#\/schema\/person\/80b1d759d3d5c01d4073b6a361fde0d4","name":"Carolina","image":{"@type":"ImageObject","inLanguage":"es","@id":"https:\/\/metamorfica.info\/#\/schema\/person\/image\/","url":"https:\/\/metamorfica.info\/wp-content\/uploads\/2021\/03\/MetamoI\u0081rfica-Home.png","contentUrl":"https:\/\/metamorfica.info\/wp-content\/uploads\/2021\/03\/MetamoI\u0081rfica-Home.png","width":1064,"height":454,"caption":"Carolina"},"logo":{"@id":"https:\/\/metamorfica.info\/#\/schema\/person\/image\/"},"description":"Educadora ambiental que descubri\u00f3 que ning\u00fan cambio es perdurable si no se inicia desde la coherencia entre pensamiento-palabra-emoci\u00f3n-accion.","sameAs":["http:\/\/www.metamorfica.info","https:\/\/x.com\/Carolinametamorfica"]}]}},"_links":{"self":[{"href":"https:\/\/metamorfica.info\/index.php\/wp-json\/wp\/v2\/portfolio\/222","targetHints":{"allow":["GET"]}}],"collection":[{"href":"https:\/\/metamorfica.info\/index.php\/wp-json\/wp\/v2\/portfolio"}],"about":[{"href":"https:\/\/metamorfica.info\/index.php\/wp-json\/wp\/v2\/types\/portfolio"}],"replies":[{"embeddable":true,"href":"https:\/\/metamorfica.info\/index.php\/wp-json\/wp\/v2\/comments?post=222"}],"version-history":[{"count":2,"href":"https:\/\/metamorfica.info\/index.php\/wp-json\/wp\/v2\/portfolio\/222\/revisions"}],"predecessor-version":[{"id":312,"href":"https:\/\/metamorfica.info\/index.php\/wp-json\/wp\/v2\/portfolio\/222\/revisions\/312"}],"wp:attachment":[{"href":"https:\/\/metamorfica.info\/index.php\/wp-json\/wp\/v2\/media?parent=222"}],"wp:term":[{"taxonomy":"portfolio_cat","embeddable":true,"href":"https:\/\/metamorfica.info\/index.php\/wp-json\/wp\/v2\/portfolio_cat?post=222"},{"taxonomy":"portfolio_skill","embeddable":true,"href":"https:\/\/metamorfica.info\/index.php\/wp-json\/wp\/v2\/portfolio_skill?post=222"}],"curies":[{"name":"wp","href":"https:\/\/api.w.org\/{rel}","templated":true}]}}

<!-- This site is optimized with the Yoast SEO plugin v23.9 - https://yoast.com/wordpress/plugins/seo/ -->
<title>TALLERES - Metamórfica</title>
<meta name="robots" content="index, follow, max-snippet:-1, max-image-preview:large, max-video-preview:-1" />
<link rel="canonical" href="https://metamorfica.info/?p=222" />
<meta property="og:locale" content="es_ES" />
<meta property="og:type" content="article" />
<meta property="og:title" content="TALLERES - Metamórfica" />
<meta property="og:url" content="https://metamorfica.info/?p=222" />
<meta property="og:site_name" content="Metamórfica" />
<meta property="article:modified_time" content="2019-07-27T19:40:46+00:00" />
<meta property="og:image" content="https://metamorfica.dynu.com/wp-content/uploads/2019/07/Photo_1556300696182-1-225x300.png" />
<meta name="twitter:card" content="summary_large_image" />
<meta name="twitter:site" content="@Carolinametamorfica" />
<script type="application/ld+json" class="yoast-schema-graph">{"@context":"https://schema.org","@graph":[{"@type":"WebPage","@id":"https://metamorfica.info/?p=222","url":"https://metamorfica.info/?p=222","name":"TALLERES - Metamórfica","isPartOf":{"@id":"https://metamorfica.info/#website"},"primaryImageOfPage":{"@id":"https://metamorfica.info/?p=222#primaryimage"},"image":{"@id":"https://metamorfica.info/?p=222#primaryimage"},"thumbnailUrl":"https://metamorfica.dynu.com/wp-content/uploads/2019/07/Photo_1556300696182-1-225x300.png","datePublished":"2019-07-03T11:41:36+00:00","dateModified":"2019-07-27T19:40:46+00:00","breadcrumb":{"@id":"https://metamorfica.info/?p=222#breadcrumb"},"inLanguage":"es","potentialAction":[{"@type":"ReadAction","target":["https://metamorfica.info/?p=222"]}]},{"@type":"ImageObject","inLanguage":"es","@id":"https://metamorfica.info/?p=222#primaryimage","url":"https://metamorfica.dynu.com/wp-content/uploads/2019/07/Photo_1556300696182-1-225x300.png","contentUrl":"https://metamorfica.dynu.com/wp-content/uploads/2019/07/Photo_1556300696182-1-225x300.png"},{"@type":"BreadcrumbList","@id":"https://metamorfica.info/?p=222#breadcrumb","itemListElement":[{"@type":"ListItem","position":1,"name":"Portada","item":"https://metamorfica.info/"},{"@type":"ListItem","position":2,"name":"Portfolios","item":"https://metamorfica.info/index.php/portfolio/"},{"@type":"ListItem","position":3,"name":"TALLERES"}]},{"@type":"WebSite","@id":"https://metamorfica.info/#website","url":"https://metamorfica.info/","name":"Metamórfica","description":"¿Sabremos adaptarnos a los cambios de nuestro planeta?","publisher":{"@id":"https://metamorfica.info/#/schema/person/80b1d759d3d5c01d4073b6a361fde0d4"},"potentialAction":[{"@type":"SearchAction","target":{"@type":"EntryPoint","urlTemplate":"https://metamorfica.info/?s={search_term_string}"},"query-input":{"@type":"PropertyValueSpecification","valueRequired":true,"valueName":"search_term_string"}}],"inLanguage":"es"},{"@type":["Person","Organization"],"@id":"https://metamorfica.info/#/schema/person/80b1d759d3d5c01d4073b6a361fde0d4","name":"Carolina","image":{"@type":"ImageObject","inLanguage":"es","@id":"https://metamorfica.info/#/schema/person/image/","url":"https://metamorfica.info/wp-content/uploads/2021/03/MetamoIrfica-Home.png","contentUrl":"https://metamorfica.info/wp-content/uploads/2021/03/MetamoIrfica-Home.png","width":1064,"height":454,"caption":"Carolina"},"logo":{"@id":"https://metamorfica.info/#/schema/person/image/"},"description":"Educadora ambiental que descubrió que ningún cambio es perdurable si no se inicia desde la coherencia entre pensamiento-palabra-emoción-accion.","sameAs":["http://www.metamorfica.info","https://x.com/Carolinametamorfica"]}]}</script>
<!-- / Yoast SEO plugin. -->

TALLERES - Metamórfica

Metamórfica

Educadora ambiental que descubrió que ningún cambio es perdurable si no se inicia desde la coherencia entre pensamiento-palabra-emoción-accion.
